ate the remainder when 225873 is divided by 464.
369
What is the remainder when 548778 is divided by 9799?
34
What is the remainder when 19868 is divided by 1755?
563
Calculate the remainder when 1336692 is divided by 348.
24
What is the remainder when 171034 is divided by 10?
4
Calculate the remainder when 489180 is divided by 489065.
115
What is the remainder when 18679 is divided by 180?
139
What is the remainder when 406418 is divided by 57?
8
Calculate the remainder when 246035798 is divided by 2675.
2673
What is the remainder when 89379824 is divided by 36?
32
Calculate the remainder when 24418377 is divided by 454.
441
What is the remainder when 1383840 is divided by 78?
42
Calculate the remainder when 3397327 is divided by 82.
67
What is the remainder when 95650 is divided by 7361?
7318
What is the remainder when 27273104 is divided by 794?
792
What is the remainder when 89920 is divided by 44911?
98
What is the remainder when 56275264 is divided by 6299?
6297
Calculate the remainder when 212738 is divided by 212196.
542
What is the remainder when 5146252 is divided by 372?
4
What is the remainder when 4015684 is divided by 45120?
4
What is the remainder when 1280309 is divided by 1905?
149
What is the remainder when 4441488 is divided by 1051?
1013
Calculate the remainder when 4333779 is divided by 197.
173
What is the remainder when 6918176 is divided by 4429?
78
What is the remainder when 8427 is divided by 8323?
104
What is the remainder when 90314 is divided by 175?
14
What is the remainder when 3310395 is divided by 234?
231
Calculate the remainder when 11179554 is divided by 3826.
3808
Calculate the remainder when 71696 is divided by 12.
8
What is the remainder when 2436938 is divided by 2814?
14
What is the remainder when 186773647 is divided by 1279?
1277
What is the remainder when 281191 is divided by 10042?
15
Calculate the remainder when 917062 is divided by 519.
508
Calculate the remainder when 14842653 is divided by 789.
774
What is the remainder when 3084558 is divided by 395?
3
What is the remainder when 455615 is divided by 4736?
959
What is the remainder when 161084 is divided by 532?
420
What is the remainder when 4273604 is divided by 52117?
10
What is the remainder when 89076065 is divided by 2153?
2149
What is the remainder when 53225 is divided by 1612?
29
Calculate the remainder when 1259297 is divided by 629634.
29
What is the remainder when 3615229 is divided by 15?
4
Calculate the remainder when 6494 is divided by 98.
26
Calculate the remainder when 2464712 is divided by 19.
13
What is the remainder when 172481 is divided by 958?
41
Calculate the remainder when 86207 is divided by 8735.
7592
What is the remainder when 6068824 is divided by 6068817?
7
Calculate the remainder when 10742 is divided by 1096.
878
What is the remainder when 516520 is divided by 255809?
4902
What is the remainder when 65355 is divided by 64640?
715
Calculate the remainder when 174655 is divided by 129.
118
What is the remainder when 443488836 is divided by 7353?
7347
What is the remainder when 2326635 is divided by 15615?
0
Calculate the remainder when 16044675 is divided by 8207.
8197
Calculate the remainder when 44877366 is divided by 44877352.
14
Calculate the remainder when 15809 is divided by 1987.
1900
What is the remainder when 27803718 is divided by 7?
5
What is the remainder when 152812 is divided by 2931?
400
What is the remainder when 3898277 is divided by 222?
179
What is the remainder when 4027785 is divided by 3008?
73
Calculate the remainder when 24680 is divided by 12315.
50
What is the remainder when 26317753 is divided by 411213?
121
What is the remainder when 15468574 is divided by 151?
134
What is the remainder when 10706323 is divided by 1654?
1635
Calculate the remainder when 862237212 is divided by 8485.
8482
What is the remainder when 5629472 is divided by 120?
32
What is the remainder when 22783 is divided by 5510?
743
What is the remainder when 1699334 is divided by 20230?
14
What is the remainder when 2960158 is divided by 112?
110
What is the remainder when 123420 is divided by 1451?
85
What is the remainder when 770578 is divided by 33502?
32
What is the remainder when 23454 is divided by 7743?
225
Calculate the remainder when 42674501 is divided by 298423.
12
Calculate the remainder when 5082768 is divided by 128.
16
Calculate the remainder when 244971 is divided by 998.
461
What is the remainder when 27221193 is divided by 14?
13
What is the remainder when 379697 is divided by 2875?
197
What is the remainder when 12476952 is divided by 265467?
3
What is the remainder when 2714376 is divided by 271431?
66
What is the remainder when 1253108 is divided by 56955?
98
Calculate the remainder when 13926522 is divided by 2390.
2382
Calculate the remainder when 206985 is divided by 1487.
292
Calculate the remainder when 142760 is divided by 1586.
20
Calculate the remainder when 50249729 is divided by 268.
265
Calculate the remainder when 352792 is divided by 2575.
17
What is the remainder when 24875 is divided by 12146?
583
What is the remainder when 80210 is divided by 20048?
18
What is the remainder when 176289 is divided by 1257?
309
What is the remainder when 87079 is divided by 2844?
1759
What is the remainder when 1718305 is divided by 7438?
127
What is the remainder when 16938 is divided by 3713?
2086
Calculate the remainder when 60834 is divided by 379.
194
What is the remainder when 1995324 is divided by 257?
233
Calculate the remainder when 264000 is divided by 263979.
21
What is the remainder when 189031 is divided by 2391?
142
Calculate the remainder when 39092 is divided by 313.
280
What is the remainder when 9005027 is divided by 242?
207
What is the remainder when 473994 is divided by 118444?
218
What is the remainder when 45271807 is divided by 744?
151
What is the remainder when 9231144 is divided by 3001?
68
What is the remainder when 4126276 is divided by 763?
735
Calculate the remainder when 221155 is divided by 221135.
20
Calculate the remainder when 2371944 is divided by 1287.
3
Calculate the remainder when 25758 is divided by 1314.
792
Calculate the remainder when 1286306 is divided by 318.
314
Calculate the remainder when 1007682 is divided by 121.
115
What is the remainder when 401840 is divided by 3364?
1524
Calculate the remainder when 66317 is divided by 2030.
1357
What is the remainder when 70263 is divided by 1049?
1029
What is the remainder when 4109709 is divided by 32107?
13
Calculate the remainder when 2441895 is divided by 2441893.
2
What is the remainder when 58518338 is divided by 5?
3
Calculate the remainder when 2162066 is divided by 6195.
11
What is the remainder when 87042916 is divided by 29014296?
28
What is the remainder when 30015 is divided by 27499?
2516
Calculate the remainder when 10102136 is divided by 10102136.
0
What is the remainder when 11915520 is divided by 12196?
28
What is the remainder when 2021803 is divided by 13660?
123
Calculate the remainder when 347842 is divided by 347828.
14
Calculate the remainder when 926523 is divided by 154418.
15
What is the remainder when 103831 is divided by 3887?
2769
What is the remainder when 5302047 is divided by 5302039?
8
Calculate the remainder when 5787917 is divided by 2893957.
3
What is the remainder when 9359794 is divided by 503?
473
What is the remainder when 10087587 is divided by 5043784?
19
What is the remainder when 2443578 is divided by 1514?
1496
What is the remainder when 573091 is divided by 10812?
55
What is the remainder when 8561 is divided by 7953?
608
Calculate the remainder when 832511 is divided by 52031.
15
Calculate the remainder when 2477994 is divided by 190.
14
Calculate the remainder when 84670 is divided by 2158.
508
Calculate the remainder when 11698694 is divided by 5849340.
14
What is the remainder when 733975 is divided by 2887?
677
Calculate the remainder when 2510870 is divided by 836877.
239
What is the remainder when 375638 is divided by 23475?
38
What is the remainder when 316735 is divided by 205?
10
Calculate the remainder when 147208 is divided by 72525.
2158
What is the remainder when 824598 is divided by 103055?
158
What is the remainder when 111743 is divided by 27772